{"id":118,"date":"2018-07-19T17:04:23","date_gmt":"2018-07-19T15:04:23","guid":{"rendered":"http:\/\/sportinschwerin.de\/?page_id=118"},"modified":"2018-09-12T20:12:43","modified_gmt":"2018-09-12T18:12:43","slug":"ueber-uns","status":"publish","type":"page","link":"https:\/\/sportinschwerin.de\/?page_id=118","title":{"rendered":"\u00dcber uns"},"content":{"rendered":"<p>Sport gilt allgemein als Integrationsmotor. Er bietet Raum f\u00fcr zwischenmenschliche Begegnungen und ein unverkrampftes Miteinander, \u00fcber das Vorurteile abgebaut und Integration gestaltet werden kann. Die Voraussetzungen, unter denen auch unsere Vereine in Schwerin Sport vor Ort organisieren, ver\u00e4ndern sich, weil die Gesellschaft sich wandelt. Kreative L\u00f6sungen f\u00fcr Sportentwicklung sind gefragt, die sich an den Bed\u00fcrfnissen und Ressourcen unserer Mitmenschen orientieren. Dabei spielen nicht nur die vielf\u00e4ltigen kulturellen Orientierungen unserer Zielgruppen eine entscheidende Rolle, wenn wir \u00fcber Herausforderungen und Chancen sprechen.<img loading=\"lazy\" decoding=\"async\" class=\"wp-image-320 size-full alignright\" src=\"https:\/\/sportinschwerin.de\/wp-content\/uploads\/2018\/09\/Sport-Transparent-PNG.png\" alt=\"\" width=\"500\" height=\"150\" srcset=\"https:\/\/sportinschwerin.de\/wp-content\/uploads\/2018\/09\/Sport-Transparent-PNG.png 500w, https:\/\/sportinschwerin.de\/wp-content\/uploads\/2018\/09\/Sport-Transparent-PNG-300x90.png 300w\" sizes=\"auto, (max-width: 500px) 100vw, 500px\" \/><\/p>\n<p>Wir haben uns in Zusammenarbeit mit Vereinen in Schwerin auf die Agenda geschrieben, unter diesen sich ver\u00e4ndernden gesellschaftlichen Rahmenbedingungen den Vereinssport attraktiv zu gestalten und den Menschen im Verein eine soziale Heimat zu bieten. Der Begriff \u201eIntegration\u201c steht dabei im Mittelpunkt. Wir verstehen darunter einen kontinuierlichen Prozess, der darauf abzielt, \u00fcber kulturelle und soziale Unterschiede hinweg die gleichberechtigte Teilnahme und Teilhabe aller Menschen in unserer Gesellschaft zu gew\u00e4hrleisten. Gelingende Integration setzt die Bereitschaft und das Zusammenwirken aller Beteiligten voraus.<\/p>\n<p><a href=\"https:\/\/sportinschwerin.de\/?page_id=165\" target=\"_blank\" rel=\"noopener\">Englisch<\/a>\u00a0 \u00a0 <a href=\"https:\/\/sportinschwerin.de\/?page_id=168\" target=\"_blank\" rel=\"noopener\">Russisch<\/a>\u00a0 \u00a0 <a href=\"https:\/\/sportinschwerin.de\/?page_id=171\" target=\"_blank\" rel=\"noopener\">Arabisch<\/a>\u00a0 \u00a0 <a href=\"https:\/\/sportinschwerin.de\/?page_id=174\" target=\"_blank\" rel=\"noopener\">Franz\u00f6sisch<\/a><\/p>\n","protected":false},"excerpt":{"rendered":"<p>Sport gilt allgemein als Integrationsmotor. Er bietet Raum f\u00fcr zwischenmenschliche Begegnungen und ein unverkrampftes Miteinander,&#8230;<\/p>\n","protected":false},"author":1,"featured_media":0,"parent":0,"menu_order":0,"comment_status":"closed","ping_status":"closed","template":"","meta":{"footnotes":""},"class_list":["post-118","page","type-page","status-publish","hentry"],"_links":{"self":[{"href":"https:\/\/sportinschwerin.de\/index.php?rest_route=\/wp\/v2\/pages\/118","targetHints":{"allow":["GET"]}}],"collection":[{"href":"https:\/\/sportinschwerin.de\/index.php?rest_route=\/wp\/v2\/pages"}],"about":[{"href":"https:\/\/sportinschwerin.de\/index.php?rest_route=\/wp\/v2\/types\/page"}],"author":[{"embeddable":true,"href":"https:\/\/sportinschwerin.de\/index.php?rest_route=\/wp\/v2\/users\/1"}],"replies":[{"embeddable":true,"href":"https:\/\/sportinschwerin.de\/index.php?rest_route=%2Fwp%2Fv2%2Fcomments&post=118"}],"version-history":[{"count":9,"href":"https:\/\/sportinschwerin.de\/index.php?rest_route=\/wp\/v2\/pages\/118\/revisions"}],"predecessor-version":[{"id":321,"href":"https:\/\/sportinschwerin.de\/index.php?rest_route=\/wp\/v2\/pages\/118\/revisions\/321"}],"wp:attachment":[{"href":"https:\/\/sportinschwerin.de\/index.php?rest_route=%2Fwp%2Fv2%2Fmedia&parent=118"}],"curies":[{"name":"wp","href":"https:\/\/api.w.org\/{rel}","templated":true}]}}