{"id":184,"date":"2018-07-19T20:00:18","date_gmt":"2018-07-19T18:00:18","guid":{"rendered":"http:\/\/sportinschwerin.de\/?page_id=184"},"modified":"2018-07-19T20:00:18","modified_gmt":"2018-07-19T18:00:18","slug":"bienvenue","status":"publish","type":"page","link":"https:\/\/sportinschwerin.de\/?page_id=184","title":{"rendered":"Bienvenue"},"content":{"rendered":"<p>Les sports de club apportent une contribution d\u00e9cisive \u00e0 l&#8217;int\u00e9gration durable. Parce qu&#8217;il a le pouvoir de rassembler les gens \u00e0 travers le mouvement, le jeu et le plaisir simplement et \u00e0 travers les cultures. Les clubs sportifs de Schwerin ont donn\u00e9 le signal d&#8217;accueillir la culture et la solidarit\u00e9 en approchant les gens &#8211; peu importe d&#8217;o\u00f9 ils viennent &#8211; et en les int\u00e9grant dans la vie de club. Parce que les responsables savent:<\/p>\n<p>Le sport peut aider \u00e0 arriver, \u00e0 s&#8217;orienter et \u00e0 se sentir le bienvenu.<br \/>\nLe sport compense l&#8217;incertitude, l&#8217;oppression et le stress de la vie quotidienne.<br \/>\nLe sport cr\u00e9e des rencontres, des occasions de participation, des contacts et des amiti\u00e9s qui peuvent aussi aider \u00e0 l&#8217;ext\u00e9rieur du club.<\/p>\n<p>Informez-vous sur notre plateforme des nombreuses possibilit\u00e9s.<\/p>\n","protected":false},"excerpt":{"rendered":"<p>Les sports de club apportent une contribution d\u00e9cisive \u00e0 l&#8217;int\u00e9gration durable. Parce qu&#8217;il a le&#8230;<\/p>\n","protected":false},"author":1,"featured_media":0,"parent":0,"menu_order":0,"comment_status":"closed","ping_status":"closed","template":"","meta":{"footnotes":""},"class_list":["post-184","page","type-page","status-publish","hentry"],"_links":{"self":[{"href":"https:\/\/sportinschwerin.de\/index.php?rest_route=\/wp\/v2\/pages\/184","targetHints":{"allow":["GET"]}}],"collection":[{"href":"https:\/\/sportinschwerin.de\/index.php?rest_route=\/wp\/v2\/pages"}],"about":[{"href":"https:\/\/sportinschwerin.de\/index.php?rest_route=\/wp\/v2\/types\/page"}],"author":[{"embeddable":true,"href":"https:\/\/sportinschwerin.de\/index.php?rest_route=\/wp\/v2\/users\/1"}],"replies":[{"embeddable":true,"href":"https:\/\/sportinschwerin.de\/index.php?rest_route=%2Fwp%2Fv2%2Fcomments&post=184"}],"version-history":[{"count":1,"href":"https:\/\/sportinschwerin.de\/index.php?rest_route=\/wp\/v2\/pages\/184\/revisions"}],"predecessor-version":[{"id":185,"href":"https:\/\/sportinschwerin.de\/index.php?rest_route=\/wp\/v2\/pages\/184\/revisions\/185"}],"wp:attachment":[{"href":"https:\/\/sportinschwerin.de\/index.php?rest_route=%2Fwp%2Fv2%2Fmedia&parent=184"}],"curies":[{"name":"wp","href":"https:\/\/api.w.org\/{rel}","templated":true}]}}